{"id":188,"date":"2019-01-12T23:51:49","date_gmt":"2019-01-12T22:51:49","guid":{"rendered":"https:\/\/joueurs-anonymes.com\/?page_id=188"},"modified":"2024-11-14T19:54:13","modified_gmt":"2024-11-14T18:54:13","slug":"suis-je-joueurs-compulsif","status":"publish","type":"page","link":"https:\/\/joueurs-anonymes.com\/index.php\/suis-je-joueurs-compulsif\/","title":{"rendered":"Les 20 Questions\/ Suis-je un joueur compulsif ?\u00a0"},"content":{"rendered":"\n<h3 class=\"has-accent-color has-text-color wp-block-heading\"><strong>Les 20 questions et le Jeu<\/strong><\/h3>\n\n\n\n<p>Gamblers Anonymes offre les questions suivantes \u00e0 toute personne<br>qui pourrait avoir un probl\u00e8me de jeu. Ces questions ont pour but d\u2019aider<br>l\u2019individu \u00e0 d\u00e9cider s\u2019il ou elle est un joueur compulsif et veut arr\u00eater de jouer.<\/p>\n\n\n\n<p>1. Avez-vous d\u00e9j\u00e0 perdu du temps au travail ou \u00e0 l\u2019\u00e9cole \u00e0 cause du jeu ?<br>2. Est-ce que le jeu a d\u00e9j\u00e0 rendu votre vie familiale malheureuse ?<br>3. Est-ce que le jeu a nui \u00e0 votre r\u00e9putation ?<br>4. Avez-vous d\u00e9j\u00e0 ressenti des remords apr\u00e8s avoir jou\u00e9 ?<br>5. Avez-vous d\u00e9j\u00e0 jou\u00e9 dans le but d\u2019obtenir de l\u2019argent avec lequel vous pourriez r\u00e9gler des dettes ou autrement r\u00e9soudre des probl\u00e8mes financiers ?<br>6. Est-ce que le jeu a caus\u00e9 une diminution de votre ambition ou de votre efficacit\u00e9 ?<br>7. Apr\u00e8s avoir perdu, avez-vous ressenti le besoin de retourner aussit\u00f4t que possible en vue de regagner vos pertes ?<br>8. Apr\u00e8s avoir gagn\u00e9, avez-vous ressenti le besoin urgent de retourner et gagner davantage ?<br>9. Avez-vous souvent jou\u00e9 jusqu\u2019\u00e0 votre dernier sou ?<br>10. Avez-vous d\u00e9j\u00e0 emprunt\u00e9 pour financer votre jeu ?<br>11. Avez-vous d\u00e9j\u00e0 vendu quelque chose pour financer votre jeu ?<br>12. Avez-vous h\u00e9sit\u00e9 \u00e0 utiliser votre \u00ab argent de jeu \u00bb pour des d\u00e9penses normales ?<br>13. Est-ce que le jeu vous a port\u00e9 \u00e0 n\u00e9gliger votre bien-\u00eatre ou celui de votre famille ?<br>14. Avez-vous d\u00e9j\u00e0 jou\u00e9 plus longtemps que vous l\u2019aviez pr\u00e9vu ?<br>15. Avez-vous d\u00e9j\u00e0 jou\u00e9 pour \u00e9chapper aux soucis, aux probl\u00e8mes, \u00e0 l\u2019ennui, \u00e0 la solitude, au chagrin ou au deuil ?<br>16. Avez-vous d\u00e9j\u00e0 commis, ou consid\u00e9r\u00e9 commettre, un acte ill\u00e9gal pour financer votre jeu ?<br>17. Est-ce que le jeu vous a caus\u00e9 des difficult\u00e9s \u00e0 dormir ?<br>18. Est-ce que les d\u00e9ceptions ou frustrations suscitent en vous une envie de jouer ?<br>19. Avez-vous d\u00e9j\u00e0 \u00e9prouv\u00e9 le besoin de c\u00e9l\u00e9brer un \u00e9v\u00e9nement heureux en jouant pendant quelques heures?<br>20. Avez-vous d\u00e9j\u00e0 consid\u00e9r\u00e9 l\u2019autodestruction ou le suicide comme r\u00e9sultat de votre jeu ?<\/p>\n\n\n\n<p><strong>La plupart des joueurs compulsifs r\u00e9pondent par \u00ab oui \u00bb \u00e0 au moins 7 de ces questions.<\/strong><\/p>\n\n\n\n<p><\/p>\n\n\n\n<p><a href=\"http:\/\/www.ja-quebec.com\/\"><\/a><\/p>\n","protected":false},"excerpt":{"rendered":"<p>Les 20 questions et le Jeu Gamblers Anonymes offre les questions suivantes \u00e0 toute personnequi pourrait avoir un probl\u00e8me de jeu. Ces questions ont pour but d\u2019aiderl\u2019individu \u00e0 d\u00e9cider s\u2019il ou elle est un joueur compulsif et veut arr\u00eater de jouer. 1. Avez-vous d\u00e9j\u00e0 perdu du temps au travail ou \u00e0 l\u2019\u00e9cole \u00e0 cause du [&hellip;]<\/p>\n","protected":false},"author":1,"featured_media":0,"parent":0,"menu_order":0,"comment_status":"closed","ping_status":"closed","template":"","meta":{"footnotes":""},"_links":{"self":[{"href":"https:\/\/joueurs-anonymes.com\/index.php\/wp-json\/wp\/v2\/pages\/188"}],"collection":[{"href":"https:\/\/joueurs-anonymes.com\/index.php\/wp-json\/wp\/v2\/pages"}],"about":[{"href":"https:\/\/joueurs-anonymes.com\/index.php\/wp-json\/wp\/v2\/types\/page"}],"author":[{"embeddable":true,"href":"https:\/\/joueurs-anonymes.com\/index.php\/wp-json\/wp\/v2\/users\/1"}],"replies":[{"embeddable":true,"href":"https:\/\/joueurs-anonymes.com\/index.php\/wp-json\/wp\/v2\/comments?post=188"}],"version-history":[{"count":7,"href":"https:\/\/joueurs-anonymes.com\/index.php\/wp-json\/wp\/v2\/pages\/188\/revisions"}],"predecessor-version":[{"id":415,"href":"https:\/\/joueurs-anonymes.com\/index.php\/wp-json\/wp\/v2\/pages\/188\/revisions\/415"}],"wp:attachment":[{"href":"https:\/\/joueurs-anonymes.com\/index.php\/wp-json\/wp\/v2\/media?parent=188"}],"curies":[{"name":"wp","href":"https:\/\/api.w.org\/{rel}","templated":true}]}}